- -2)) + -1.
-5
Evaluate 4 - 5 - 9 - -7.
-3
Calculate -4 + (7 - 6) + (-1 - -8).
4
What is 3 - (3 - ((-3 - -1) + 4))?
2
What is 1 + -5 + 9 + -7 + -1?
-3
What is 3 - (11 + 0 - 15)?
7
Evaluate -3 + (-2 - -3) + 5.
3
What is 8 + (-10 - 4 - 0)?
-6
What is 1 - 0 - (-4 - -4)?
1
What is (-4 - (2 + -4)) + 5 + -7?
-4
Evaluate (-8 - -5) + -3 + 2 + 8.
4
Calculate 0 - -2 - (38 - 27).
-9
What is -7 + -5 + (-8 - -20)?
0
What is (7 - (-2 + 2)) + 11 + -12?
6
Evaluate -1 + -3 + 8 + -4.
0
1 + 4 + -7 + 1
-1
5 + 0 + -2 + 4
7
Calculate 4 + (5 - 10) + 2 + 2.
3
Calculate 1 - (26 + -21 - (0 - 0)).
-4
What is the value of (4 + 5 - -1) + -7 - 2?
1
What is the value of (5 - (-7 + 2)) + -5?
5
Calculate -2 - (-3 + (-9 - -2) + 5).
3
Calculate -4 + (-7 - (-6 - 2)) - 2.
-5
What is -5 - (-6 - -3) - (-6 + -1)?
5
-4 + 12 - (0 + 0 - -4)
4
What is 6 + -15 - (-8 - 5) - 9?
-5
Calculate -3 + -1 + -3 - -5.
-2
Evaluate 3 - (3 + -2 + 3) - 0.
-1
-2 - (-9 - -3) - 4 - 0
0
Calculate 0 - -3 - 9 - (-14 - -11).
-3
Evaluate -1 - (3 + -9) - (0 + 0).
5
-17 + (1 - -7) + 5
-4
What is 7 + (6 - 11) + -7 + -1?
-6
What is the value of -2 - -4 - (19 + -16) - 5?
-6
What is the value of (2 - 7) + 1 - -6?
2
2 + -6 + -1 + 2
-3
What is the value of 2 - (-11 + 15) - (-1 + 4)?
-5
What is the value of 8 - 16 - -15 - (1 + 2)?
4
Calculate -16 + (24 + -10 - 2).
-4
Calculate -9 - -4 - -13 - 4.
4
What is the value of 2 + -10 + 3 + 0?
-5
What is (-13 - -9 - (-4 + -2)) + -6?
-4
What is -23 - -25 - (2 - -1)?
-1
Calculate -12 + (5 - -9) + (1 - 1).
2
Calculate (-6 - -7) + (-4 - -1) + 6.
4
Calculate 2 - (-4 + -1 + 9).
-2
What is the value of 7 - (5 + -2 + 1)?
3
Evaluate (11 - -3) + -8 + -5 + 1.
2
1 + 2 + 1 + -2
2
What is -3 + -2 - ((13 - 23) + 6)?
-1
Calculate -6 + (-1 - -3) + 9.
5
What is (1 - 1 - 0) + 2?
2
6 - 1 - (4 - (2 + 0))
3
-8 - (-1 + -1) - (-1 + -1)
-4
What is the value of 0 + (-1 - ((3 - 3) + 2))?
-3
Evaluate -1 - (-6 + 11 + -14).
8
Calculate -2 + (-2 - -10) + (0 - 4).
2
1 + -8 + 2 + 1
-4
Calculate -11 + 1 + 8 + 0.
-2
Calculate -6 + 5 - (-1 - 1).
1
What is -6 + 0 + (5 - 4 - -2)?
-3
Calculate (0 + 4 - 2) + (0 - -1).
3
Evaluate (6 - -3) + -17 - -6.
-2
What is the value of 5 + (1 - (0 - (-5 + -7)))?
-6
What is 71 - 70 - (1 + -5)?
5
What is the value of -3 - (-2 - -2) - -3?
0
What is the value of (-2 - -3) + (6 - 1) + -8?
-2
Calculate -2 + 6 - (2 + 0 + -2).
4
What is (-1 - 7) + -3 + (3 - -4)?
-4
Evaluate 5 + -1 + -5 + 1 + 2.
2
-1 - 7 - -16 - 11
-3
Evaluate -4 - 0 - (-2 - -3).
-5
What is the value of (-8 - (-11 + 7)) + 7?
3
Calculate -4 - (-4 + -7 + 2 + 4).
1
What is -10 + 22 - (8 - 1)?
5
2 - (15 + (-15 - -11))
-9
Evaluate 4 - (3 + -4 + 10) - -8.
3
Calculate (1 - 4) + (-12 - -14).
-1
What is the value of 3 - (2 + (6 - 1))?
-4
What is -1 - (-1 - 3 - 0)?
3
(1 + 2 - 0) + -5
-2
Calculate -1 + 3 + -1 - (-27 + 28).
0
What is the value of -2 + 9 - (-21 + 30)?
-2
Calculate 6 + -1 - (12 + -4).
-3
What is (-1 - -3 - 1) + 5 + -3?
3
8 + -1 - (23 - (7 - -14))
5
Evaluate 4 - (-8 + 5 - (-7 + 1)).
1
Calculate 0 - ((-1 - 7) + 6).
2
Calculate 9 - (1 + (0 + -1 - -5)).
4
What is 1 + (-1 - (-1 + 3 + -1))?
-1
-3 - (20 + -17 + (-3 - 0))
-3
(0 - 0) + 0 + -3 + 0
-3
Calculate -37 + 39 + (-1 - -1).
2
What is (4 + -3 - 1) + 0?
0
What is 0 - (-1 - 3 - (-1 + 1))?
4
What is the value of -2 + (-8 + 14 - (0 + 0))?
4
Calculate 4 + (3 + -4 - 3 - -3).
3
2 + -7 + -2 + 0 + 6
-1
Evaluate -2 - -4 - (6 + -11 + 5).
2
Calculate 5 - (17 + -7) - (-7 - -1).
1
What is the value of (9 - 6 - 2 - -2) + -3?
0
(3 - (3 - -3)) + -1
-4
What is (8 - 1) + (7 - (-9 - -18))?
5
Calculate 7 + -7 + 1 + (18 - 14).
5
Calculate 6 + -18 + 6 + (1 - 3).
-8
-7 + (3 + -10 + 5 - -5)
-4
Calculate (2 - (1 + 3)) + 2 + -4.
-4
Evaluate 4 + -5 + -3 + (3 - 0).
-1
Calculate 0 - (5 + (0 - 0)).
-5
What is -8 + -4 + 0 + 1 - -5?
-6
What is the value of (-8 - 0) + 8 + -6?
-6
Evaluate -1 - -8 - (3 + 7).
-3
Calculate 0 + 0 - (-2 - (-6 - 1)).
-5
Calculate -4 - (-2 - 2 - (3 + -9)).
-6
Evaluate 4 + -3 + 0 + 1.
2
Evaluate (0 - 2) + (10 - (26 + -18)).
0
What is the value of (7 - 6) + (5 - 5)?
1
Calculate 2 + (4 + 1 - (4 + 2)).
1
(-1 - (-8 - -6)) + 1
2
Calculate 0 - -8 - ((7 - -5) + -8).
4
What is the value of (6 - (-5 - 2 - -13)) + -5?
-5
0 + 2 - (7 + -3 + -4)
2
5 + -1 + (2 + -2 - 0)
4
What is the value of -12 - (-7 - (-6 + 5 + 0))?
-6
What is the value of -4 + (-2 - (-4 + -1 + 3))?
-4
Calculate 45 + -53 + (-1 - -1).
-8
Evaluate -1 + 2 - (3 + -3 + -4).
5
What is the value of (-16 + -2 + 7 - -4) + -2?
-9
Calculate (-6 - -2) + (-3 - (-15 - -2)).
6
-4 - (0 - (2 - -5))
3
What is -2 + -2 + (-4 - -2) + 7?
1
What is (-7 - 1) + -17 + 24 + 4?
3
Evaluate -53 - -55 - (2 + 2).
-2
Calculate -7 + 2 + -1 - (15 + -15).
-6
What is 4 + (-4 - (3 + -3))?
0
-4 + 1 - (13 + -12)
-4
What is 108 + -119 - (2 - 8)?
-5
Calculate (-6 + -6 - -6) + (5 - 0).
-1
What is (1 - 0 - -3) + 660 + -672?
-8
Evaluate 7 - (6 + -2 + (-6 - -2)).
7
What is -27 + 18 - (3 - 22)?
10
Calculate 3 - -1 - (8 + -1) - 2.
-5
1 - 0 - (11 - (18 + -2))
6
What is the value of -1 + 3 - -2 - (-5 + 5)?
4
Calculate 8 + (-7 - 9) + 12.
4
(-4 - -1) + (-9 - -13)
1
-11 - (-3 - 0 - (-32 + 37))
-3
Calculate 1 - (-4 + (3 - (0 + -1))).
1
What is the value of -4 + 4 - (0 + -3)?
3
Calculate 2 + -4 - (0 + 1 + 1).
-4
What is the value of 3 + (7 + -6 - -3) + -5?
2
Calculate -13 - (-11 - 12 - -12).
-2
Evaluate 0 - (0 + (1 - -2)).
-3
3 + 2 + (-8 - -5)
2
(8 - 5 - 4) + -2
-3
What is -8 + 1 - -3 - (-2 + -4)?
2
Calculate 12 - 8 - (-1 - (1 + -1)).
5
-3 + 8 + -1 - (0 + 7)
-3
17 - (-14 - -14 - -9)
8
2 + 0 + (12 - 19)
-5
What is the value of -11 + 17 - 3 - 3?
0
(9 - (3 + -1)) + -2
5
What is the value of -1 - -5 - (2 - (2 - -1))?
5
What is -1 + 10 + -4 + -11?
-6
What is -4 + (-3 + -1 - (-5 - -1))?
-4
Evaluate 4 + -14 - -12 - 4.
-2
Calculate -6 + 11 + -12 - -1.
-6
What is -5 + (6 - 17 - -8)?
-8
Calculate 8 - (-7 + 6 + 2).
7
Calculate -3 + 9 + -3 - -2.
5
What is 10 + (0 - -5) + -12?
3
What is (-6 - -3) + 5 + 2?
4
(-7 + 1 - -3) + -21 + 19
-5
What is the value of -3 + (3 - ((-1 - -4) + -2))?
-1
3 + (0 - -1) + -2
2
What is 0 + -2 + 6 - 5?
-1
What is 6 + (13 + -4 - 8)?
7
Evaluate 6 + -6 + -2 - (-2 + -1).
1
Calculate (-19 - (-32 - -11)) + (-5 - -1).
-2
What is the value of 7 - (2 + 4) - -1?
2
1 + (-3 - 2) + 3
-1
Calculate -7 - (-10 + 4) - (4 + 0).
-5
What is the value of 4 - (-2 + 1) - (135 + -134)?
4
Calculate (4 + 4 - 6) + -2.
0
What is -2 + (0 - (0 + 2))?
-4
Evaluate 0 - (0 + 3) - -5.
2
What is the value of -1 + (-6 - -3) + 2 + 2?
0
(-21 + 7 - -7) + 12 - 8
-3
(-4 - -6 - 3) + -6 - -2
-5
Calculate 3 + (0 - (-4 + 1)) + -1.
5
What is the value of 6 + -2 - (15 + -9) - -1?
-1
Calculate 0 - (2 - (7 + -2)).
3
(5 - (-3 + 5 + 3)) + 1
1
What is -11 - (-5 + 11 + -6 + -4)?
-7
Calculate -2 + -3 + 5 + 1.
1
-5 + (-4 - -4) + 0
-5
What is the value of 2 - (0 - (6 - 4) - -1)?
3
Evaluate (1 - -1 - 4) + (-1 - -1).
-2
-1 - 5 - -6 - (0 - 0)
0
4 + (-4 - -8) + -5
3
What is 0 + 4 + (2 - 2) + -6?
-2
What is the value of -3 - (-3 + (0 - -2)) - 7?
-9
What is the value of 0 + (-15 - -7) - (2 + -4)?
-6
10 - (-3 - (-13 - -4))
4
What is the value of (-3 - 4) + 4 + 7?
4
Evaluate 1 + (-4 - -8) - 2.
3
Calculate (-1 - (0 + 0)) + (17 - 14).
2
Evaluate -14 - -13 - (-9 + -2).
10
Evaluate 1 - -1 - (19 + -21).
4
Calculate -5 - (2 + 6 + -6).
-7
Calculate -3 + 2 + (11 - 4).
6
Calculate 1 + -13 + 7 - (-9 - 1).
5
Evaluate (1 - (2 + -1)) + 3.
3
0 + -4 - (27 - 26)
-5
What is 4 - (3 + -5 + 2)?
4
What is (4 - (-3 + 7)) + 0 - 7?
-7
What is the value of -6 - 1 - (-10 + 8)?
-5
Evaluate -1 + -2 + -3 + 6 - -1.
1
Calculate (1 - 5 - (-8 + 4)) + 0.
0
Calculate -3 - (3 - 8) - 2.
0
Calculate 9 + -10 + (0 - -5).
4
Evaluate (0 - -4 - (8 - 7)) + 0.
3
Evaluate (-2 - (1 - -1)) + 3.
-1
Evaluate -4 + -5 + 9 + -1 + 5.
4
Calculate -1 + (5 - (-3 + 12)).
-5
Evaluate -1 + 14 + (-4 - 5).
4
8 + -3 + 2 + -6
1
2 + -3 + 3 - (2 + 2)
-2
Evaluate -2 + 9 - (2 + -2 - -3).
4
Calculate 2 + (2 + -3 - -17 - 8).
10
What is -8 - (2 + -4) - (-5 - 1)?
0
What is 0 - -2 - 0 - (15 - 13)?
0
What is the value of 4 + -4 + 1 + 4 + -3?
2
What is (-3 - -1 - 6) + 1 - -4?
-3
Calculate (5 - 12 - -5) + (-3 - -1).
-4
What is (0 - (5 - -1)) + 0 + 3?
-3
What is 6 - (6 - 3 - 3)?
6
What is the value of -5 - 0 - (-11 + 9)?
-3
What is the value of 5 + -15 + (10 - (8 - 3))?
-5
What is -3 - (-4 + 4 + -5